{"id":10,"date":"2024-12-14T10:56:15","date_gmt":"2024-12-14T09:56:15","guid":{"rendered":"https:\/\/trucks-services.com\/?page_id=10"},"modified":"2025-02-06T12:56:20","modified_gmt":"2025-02-06T11:56:20","slug":"bienvenue-chez-trucks-services","status":"publish","type":"page","link":"https:\/\/trucks-services.com\/","title":{"rendered":"Bienvenue chez Trucks Services"},"content":{"rendered":"\n<p class=\"has-text-align-center has-foreground-color has-text-color has-link-color has-large-font-size wp-elements-f342588cca2517c1703d82278bdd6146\"><strong>Vous pouvez nous joindre au 09 53 30 80 00<\/strong><\/p>\n\n\n\n<p><\/p>\n\n\n\n<p class=\"has-text-align-center\"><strong>Trucks Services \u2013 Distributeur de pi\u00e8ces d\u00e9tach\u00e9es de qualit\u00e9 pour toutes marques de poids lourds<\/strong><\/p>\n\n\n\n<p>Situ\u00e9e au <strong>6 rue du Cantal, 91090 Lisses<\/strong>, <strong>Trucks Services<\/strong> est votre <strong>distributeur de pi\u00e8ces d\u00e9tach\u00e9es de qualit\u00e9 pour toutes marques de poids lourds<\/strong>. Nous mettons \u00e0 disposition des professionnels une large gamme de pi\u00e8ces et d\u2019accessoires fiables, issus des plus grands fabricants, pour assurer la performance et la long\u00e9vit\u00e9 de vos v\u00e9hicules.<\/p>\n\n\n\n<p>Nous disposons \u00e9galement de <strong>nos propres ateliers et experts<\/strong> si vous souhaitez <strong>diagnostiquer ou r\u00e9parer<\/strong> vos poids lourds directement chez nous.<\/p>\n\n\n\n<p class=\"has-text-align-center has-larger-font-size\"><strong>Nos services<\/strong><\/p>\n\n\n\n<p>\u2705 <strong>Vente et distribution de pi\u00e8ces d\u00e9tach\u00e9es pour poids lourds<\/strong><br>\u2705 <strong>R\u00e9paration m\u00e9canique et entretien<\/strong><br>\u2705 <strong>Carrosserie automobile<\/strong><br>\u2705 <strong>D\u00e9pannage 24\/7<\/strong><br>\u2705 <strong>Vente, achat et location de v\u00e9hicules neufs et d\u2019occasion<\/strong><\/p>\n\n\n\n<p>Pour toute demande de <strong>pi\u00e8ces d\u00e9tach\u00e9es<\/strong> ou prise de rendez-vous, contactez-nous au <strong>0953308000<\/strong>.<\/p>\n\n\n\n<p>\ud83d\ude9b <strong>Trucks Services : Votre expert en pi\u00e8ces et entretien pour poids lourds !<\/strong><\/p>\n\n\n\n<p class=\"has-text-align-center\">Votre partenaire de confiance pour garder vos v\u00e9hicules en parfait \u00e9tat !<\/p>\n\n\n\n<p><\/p>\n\n\n\n<p><\/p>\n\n\n\n<p><\/p>\n\n\n\n<p><\/p>\n\n\n\n<p class=\"has-text-align-center\"><\/p>\n","protected":false},"excerpt":{"rendered":"<p>Vous pouvez nous joindre au 09 53 30 80 00 Trucks Services \u2013 Distributeur de pi\u00e8ces d\u00e9tach\u00e9es de qualit\u00e9 pour toutes marques de poids lourds Situ\u00e9e au 6 rue du Cantal, 91090 Lisses, Trucks Services est votre distributeur de pi\u00e8ces d\u00e9tach\u00e9es de qualit\u00e9 pour toutes marques de poids lourds. Nous mettons \u00e0 disposition des professionnels [&hellip;]<\/p>\n","protected":false},"author":1,"featured_media":25,"parent":0,"menu_order":0,"comment_status":"closed","ping_status":"closed","template":"","meta":{"footnotes":""},"class_list":["post-10","page","type-page","status-publish","has-post-thumbnail","hentry"],"_links":{"self":[{"href":"https:\/\/trucks-services.com\/index.php\/wp-json\/wp\/v2\/pages\/10","targetHints":{"allow":["GET"]}}],"collection":[{"href":"https:\/\/trucks-services.com\/index.php\/wp-json\/wp\/v2\/pages"}],"about":[{"href":"https:\/\/trucks-services.com\/index.php\/wp-json\/wp\/v2\/types\/page"}],"author":[{"embeddable":true,"href":"https:\/\/trucks-services.com\/index.php\/wp-json\/wp\/v2\/users\/1"}],"replies":[{"embeddable":true,"href":"https:\/\/trucks-services.com\/index.php\/wp-json\/wp\/v2\/comments?post=10"}],"version-history":[{"count":16,"href":"https:\/\/trucks-services.com\/index.php\/wp-json\/wp\/v2\/pages\/10\/revisions"}],"predecessor-version":[{"id":43,"href":"https:\/\/trucks-services.com\/index.php\/wp-json\/wp\/v2\/pages\/10\/revisions\/43"}],"wp:featuredmedia":[{"embeddable":true,"href":"https:\/\/trucks-services.com\/index.php\/wp-json\/wp\/v2\/media\/25"}],"wp:attachment":[{"href":"https:\/\/trucks-services.com\/index.php\/wp-json\/wp\/v2\/media?parent=10"}],"curies":[{"name":"wp","href":"https:\/\/api.w.org\/{rel}","templated":true}]}}